{"id":11976,"date":"2025-03-12T10:10:08","date_gmt":"2025-03-12T09:10:08","guid":{"rendered":"http:\/\/93.127.158.16\/?page_id=11976"},"modified":"2026-04-20T12:32:45","modified_gmt":"2026-04-20T10:32:45","slug":"qualite","status":"publish","type":"page","link":"https:\/\/esa-namur.be\/index.php\/qualite\/","title":{"rendered":"Qualit\u00e9"},"content":{"rendered":"\t\t<div data-elementor-type=\"wp-page\" data-elementor-id=\"11976\" class=\"elementor elementor-11976\" data-elementor-post-type=\"page\">\n\t\t\t\t<div class=\"elementor-element elementor-element-64f8c651 e-con-full e-flex e-con e-parent\" data-id=\"64f8c651\" data-element_type=\"container\" data-e-type=\"container\">\n\t\t\t\t<div class=\"elementor-element elementor-element-5c347c7c thim-ekits-heading-text-center elementor-widget thim-ekits-heading elementor-widget-thim-heading\" data-id=\"5c347c7c\" data-element_type=\"widget\" data-e-type=\"widget\" data-widget_type=\"thim-heading.default\">\n\t\t\t\t<div class=\"elementor-widget-container\">\n\t\t\t\t\t<div class=\"sc_heading text-center\"><h2 class=\"title\">La d\u00e9marche qualit\u00e9  <span class=\"thim-color\">\u00e0 l'ESA Namur<\/span><\/h2><div class=\"sub-heading\"><p>Am\u00e9liorer en permanence les actions d'enseignement et les aspects organisationnels de notre \u00e9tablissement.<\/p>\n<\/div><\/div>\t\t\t\t<\/div>\n\t\t\t\t<\/div>\n\t\t\t\t<\/div>\n\t\t<div class=\"elementor-element elementor-element-102b1dbe e-flex e-con-boxed e-con e-parent\" data-id=\"102b1dbe\" data-element_type=\"container\" data-e-type=\"container\" data-settings=\"{&quot;background_background&quot;:&quot;classic&quot;}\">\n\t\t\t\t\t<div class=\"e-con-inner\">\n\t\t<div class=\"elementor-element elementor-element-3bbafac0 e-con-full e-flex e-con e-child\" data-id=\"3bbafac0\" data-element_type=\"container\" data-e-type=\"container\">\n\t\t\t\t<div class=\"elementor-element elementor-element-50785fd5 elementor-widget__width-initial elementor-widget elementor-widget-text-editor\" data-id=\"50785fd5\" data-element_type=\"widget\" data-e-type=\"widget\" data-widget_type=\"text-editor.default\">\n\t\t\t\t<div class=\"elementor-widget-container\">\n\t\t\t\t\t\t\t\t\t<p>La d\u00e9marche qualit\u00e9 de l&rsquo;ESA \u00e9volue dans un contexte europ\u00e9en et est r\u00e9gent\u00e9e, en F\u00e9d\u00e9ration Wallonie-Bruxelles, par <strong><a href=\"https:\/\/www.aeqes.be\/\">l\u2019AEQES<\/a><\/strong><span class=\"notion-enable-hover\" data-token-index=\"1\"><strong>.<\/strong><\/span><!-- notionvc: 0df5711b-1f33-4faa-8c7b-52f40f4e8c2a --><\/p>\t\t\t\t\t\t\t\t<\/div>\n\t\t\t\t<\/div>\n\t\t\t\t<\/div>\n\t\t<div class=\"elementor-element elementor-element-6b91509d e-con-full e-flex e-con e-child\" data-id=\"6b91509d\" data-element_type=\"container\" data-e-type=\"container\" data-settings=\"{&quot;background_background&quot;:&quot;classic&quot;}\">\n\t\t\t\t<div class=\"elementor-element elementor-element-7fb95a0b elementor-widget elementor-widget-image-box\" data-id=\"7fb95a0b\" data-element_type=\"widget\" data-e-type=\"widget\" data-widget_type=\"image-box.default\">\n\t\t\t\t<div class=\"elementor-widget-container\">\n\t\t\t\t\t<div class=\"elementor-image-box-wrapper\"><div class=\"elementor-image-box-content\"><h4 class=\"elementor-image-box-title\">\u00c9valuation et am\u00e9lioration continue<\/h4><p class=\"elementor-image-box-description\">Une \u00e9valuation r\u00e9guli\u00e8re des pratiques \u00e9ducatives et administratives. Cela inclut l'analyse des forces, des faiblesses, des opportunit\u00e9s et des risques de l'\u00e9tablissement.<\/p><\/div><\/div>\t\t\t\t<\/div>\n\t\t\t\t<\/div>\n\t\t\t\t<div class=\"elementor-element elementor-element-2c9aec0 elementor-widget elementor-widget-image-box\" data-id=\"2c9aec0\" data-element_type=\"widget\" data-e-type=\"widget\" data-widget_type=\"image-box.default\">\n\t\t\t\t<div class=\"elementor-widget-container\">\n\t\t\t\t\t<div class=\"elementor-image-box-wrapper\"><div class=\"elementor-image-box-content\"><h4 class=\"elementor-image-box-title\">Participation de tous les acteurs<\/h4><p class=\"elementor-image-box-description\">La participation active de tous les membres de l'\u00e9tablissement, y compris les \u00e9quipes dirigeantes, \u00e9ducatives, techniques, administratives, les \u00e9tudiants et les partenaires externes. Nos \u00e9tudiants d\u00e9l\u00e9gu\u00e9s sont notamment nos interlocuteurs privil\u00e9gi\u00e9s.<\/p><\/div><\/div>\t\t\t\t<\/div>\n\t\t\t\t<\/div>\n\t\t\t\t<div class=\"elementor-element elementor-element-f7d2740 elementor-widget elementor-widget-image-box\" data-id=\"f7d2740\" data-element_type=\"widget\" data-e-type=\"widget\" data-widget_type=\"image-box.default\">\n\t\t\t\t<div class=\"elementor-widget-container\">\n\t\t\t\t\t<div class=\"elementor-image-box-wrapper\"><div class=\"elementor-image-box-content\"><h4 class=\"elementor-image-box-title\">Culture qualit\u00e9<\/h4><p class=\"elementor-image-box-description\">La d\u00e9marche qualit\u00e9 vise \u00e0 instaurer une culture de la qualit\u00e9 au sein de l'\u00e9tablissement, encourageant une r\u00e9flexion continue et une dynamique participative.<\/p><\/div><\/div>\t\t\t\t<\/div>\n\t\t\t\t<\/div>\n\t\t\t\t<\/div>\n\t\t\t\t\t<\/div>\n\t\t\t\t<\/div>\n\t\t\t\t<section class=\"elementor-section elementor-top-section elementor-element elementor-element-a5a4982 elementor-section-stretched elementor-section-boxed elementor-section-height-default elementor-section-height-default\" data-id=\"a5a4982\" data-element_type=\"section\" data-e-type=\"section\" data-settings=\"{&quot;stretch_section&quot;:&quot;section-stretched&quot;}\">\n\t\t\t\t\t\t<div class=\"elementor-container elementor-column-gap-no\">\n\t\t\t\t\t<div class=\"elementor-column elementor-col-100 elementor-top-column elementor-element elementor-element-eab8aab university-new\" data-id=\"eab8aab\" data-element_type=\"column\" data-e-type=\"column\">\n\t\t\t<div class=\"elementor-widget-wrap elementor-element-populated\">\n\t\t\t\t\t\t<div class=\"elementor-element elementor-element-6cab8f9 elementor-widget thim-ekits-heading elementor-widget-thim-heading\" data-id=\"6cab8f9\" data-element_type=\"widget\" data-e-type=\"widget\" data-widget_type=\"thim-heading.default\">\n\t\t\t\t<div class=\"elementor-widget-container\">\n\t\t\t\t\t<div class=\"sc_heading\"><h3 class=\"title\">Les points forts des formations de l\u2019ESA : Rapports des experts\u200b <\/h3><div class=\"sub-heading\"><p>Chaque formation est \u00e9valu\u00e9e environ tous les six ans par l\u2019AEQES (avec un point d\u2019\u00e9tape tous les trois ans pour actualiser le plan d\u2019action).<\/p>\n<p>L\u2019\u00e9valuation comporte quatre grandes \u00e9tapes :<\/p>\n<\/div><\/div>\t\t\t\t<\/div>\n\t\t\t\t<\/div>\n\t\t\t\t\t<\/div>\n\t\t<\/div>\n\t\t\t\t\t<\/div>\n\t\t<\/section>\n\t\t<div class=\"elementor-element elementor-element-6bf5d8a e-flex e-con-boxed e-con e-parent\" data-id=\"6bf5d8a\" data-element_type=\"container\" data-e-type=\"container\">\n\t\t\t\t\t<div class=\"e-con-inner\">\n\t\t\t\t<div class=\"elementor-element elementor-element-1928f3e e-n-tabs-mobile elementor-widget elementor-widget-n-tabs\" data-id=\"1928f3e\" data-element_type=\"widget\" data-e-type=\"widget\" data-settings=\"{&quot;tabs_justify_horizontal&quot;:&quot;center&quot;,&quot;horizontal_scroll&quot;:&quot;enable&quot;}\" data-widget_type=\"nested-tabs.default\">\n\t\t\t\t<div class=\"elementor-widget-container\">\n\t\t\t\t\t\t\t<div class=\"e-n-tabs\" data-widget-number=\"26382142\" aria-label=\"Tabs. Open items with Enter or Space, close with Escape and navigate using the Arrow keys.\">\n\t\t\t<div class=\"e-n-tabs-heading\" role=\"tablist\">\n\t\t\t\t\t<button id=\"e-n-tab-title-263821421\" data-tab-title-id=\"e-n-tab-title-263821421\" class=\"e-n-tab-title\" aria-selected=\"true\" data-tab-index=\"1\" role=\"tab\" tabindex=\"0\" aria-controls=\"e-n-tab-content-263821421\" style=\"--n-tabs-title-order: 1;\">\n\t\t\t\t\t\t<span class=\"e-n-tab-title-text\">\n\t\t\t\t1. dossier d'\u00e9valuation\t\t\t<\/span>\n\t\t<\/button>\n\t\t\t\t<button id=\"e-n-tab-title-263821422\" data-tab-title-id=\"e-n-tab-title-263821422\" class=\"e-n-tab-title\" aria-selected=\"false\" data-tab-index=\"2\" role=\"tab\" tabindex=\"-1\" aria-controls=\"e-n-tab-content-263821422\" style=\"--n-tabs-title-order: 2;\">\n\t\t\t\t\t\t<span class=\"e-n-tab-title-text\">\n\t\t\t\t2. Visite des experts\t\t\t<\/span>\n\t\t<\/button>\n\t\t\t\t<button id=\"e-n-tab-title-263821423\" data-tab-title-id=\"e-n-tab-title-263821423\" class=\"e-n-tab-title\" aria-selected=\"false\" data-tab-index=\"3\" role=\"tab\" tabindex=\"-1\" aria-controls=\"e-n-tab-content-263821423\" style=\"--n-tabs-title-order: 3;\">\n\t\t\t\t\t<span class=\"e-n-tab-icon\">\n\t\t\t<i aria-hidden=\"true\" class=\"tk tk-angle-double-down\"><\/i>\t\t\t<i aria-hidden=\"true\" class=\"tk tk-angle-double-down\"><\/i>\t\t<\/span>\n\t\t\t\t\t<span class=\"e-n-tab-title-text\">\n\t\t\t\t3. Rapport des experts\t\t\t<\/span>\n\t\t<\/button>\n\t\t\t\t<button id=\"e-n-tab-title-263821424\" data-tab-title-id=\"e-n-tab-title-263821424\" class=\"e-n-tab-title\" aria-selected=\"false\" data-tab-index=\"4\" role=\"tab\" tabindex=\"-1\" aria-controls=\"e-n-tab-content-263821424\" style=\"--n-tabs-title-order: 4;\">\n\t\t\t\t\t<span class=\"e-n-tab-icon\">\n\t\t\t<i aria-hidden=\"true\" class=\"tk tk-angle-double-down\"><\/i>\t\t\t<i aria-hidden=\"true\" class=\"tk tk-angle-double-down\"><\/i>\t\t<\/span>\n\t\t\t\t\t<span class=\"e-n-tab-title-text\">\n\t\t\t\t4. Plan d'action\t\t\t<\/span>\n\t\t<\/button>\n\t\t\t\t\t<\/div>\n\t\t\t<div class=\"e-n-tabs-content\">\n\t\t\t\t<div id=\"e-n-tab-content-263821421\" role=\"tabpanel\" aria-labelledby=\"e-n-tab-title-263821421\" data-tab-index=\"1\" style=\"--n-tabs-title-order: 1;\" class=\"e-active elementor-element elementor-element-44982a1 e-con-full e-flex e-con e-child\" data-id=\"44982a1\" data-element_type=\"container\" data-e-type=\"container\">\n\t\t\t\t<\/div>\n\t\t<div id=\"e-n-tab-content-263821422\" role=\"tabpanel\" aria-labelledby=\"e-n-tab-title-263821422\" data-tab-index=\"2\" style=\"--n-tabs-title-order: 2;\" class=\" elementor-element elementor-element-4009562 e-con-full e-flex e-con e-child\" data-id=\"4009562\" data-element_type=\"container\" data-e-type=\"container\">\n\t\t\t\t<\/div>\n\t\t<div id=\"e-n-tab-content-263821423\" role=\"tabpanel\" aria-labelledby=\"e-n-tab-title-263821423\" data-tab-index=\"3\" style=\"--n-tabs-title-order: 3;\" class=\" elementor-element elementor-element-05bf3de e-con-full e-flex e-con e-child\" data-id=\"05bf3de\" data-element_type=\"container\" data-e-type=\"container\">\n\t\t<div class=\"elementor-element elementor-element-3517558 e-flex e-con-boxed e-con e-child\" data-id=\"3517558\" data-element_type=\"container\" data-e-type=\"container\">\n\t\t\t\t\t<div class=\"e-con-inner\">\n\t\t\t\t<div class=\"elementor-element elementor-element-9c55d03 elementor-icon-list--layout-traditional elementor-list-item-link-full_width elementor-widget elementor-widget-icon-list\" data-id=\"9c55d03\" data-element_type=\"widget\" data-e-type=\"widget\" data-widget_type=\"icon-list.default\">\n\t\t\t\t<div class=\"elementor-widget-container\">\n\t\t\t\t\t\t\t<ul class=\"elementor-icon-list-items\">\n\t\t\t\t\t\t\t<li class=\"elementor-icon-list-item\">\n\t\t\t\t\t\t\t\t\t\t\t<span class=\"elementor-icon-list-icon\">\n\t\t\t\t\t\t\t<svg aria-hidden=\"true\" class=\"e-font-icon-svg e-fas-check\" viewBox=\"0 0 512 512\" xmlns=\"http:\/\/www.w3.org\/2000\/svg\"><path d=\"M173.898 439.404l-166.4-166.4c-9.997-9.997-9.997-26.206 0-36.204l36.203-36.204c9.997-9.998 26.207-9.998 36.204 0L192 312.69 432.095 72.596c9.997-9.997 26.207-9.997 36.204 0l36.203 36.204c9.997 9.997 9.997 26.206 0 36.204l-294.4 294.401c-9.998 9.997-26.207 9.997-36.204-.001z\"><\/path><\/svg>\t\t\t\t\t\t<\/span>\n\t\t\t\t\t\t\t\t\t\t<span class=\"elementor-icon-list-text\">En cours<\/span>\n\t\t\t\t\t\t\t\t\t<\/li>\n\t\t\t\t\t\t<\/ul>\n\t\t\t\t\t\t<\/div>\n\t\t\t\t<\/div>\n\t\t\t\t\t<\/div>\n\t\t\t\t<\/div>\n\t\t\t\t<\/div>\n\t\t<div id=\"e-n-tab-content-263821424\" role=\"tabpanel\" aria-labelledby=\"e-n-tab-title-263821424\" data-tab-index=\"4\" style=\"--n-tabs-title-order: 4;\" class=\" elementor-element elementor-element-5e683da e-flex e-con-boxed e-con e-child\" data-id=\"5e683da\" data-element_type=\"container\" data-e-type=\"container\">\n\t\t\t\t\t<div class=\"e-con-inner\">\n\t\t\t\t<div class=\"elementor-element elementor-element-1a74f76 elementor-widget elementor-widget-text-editor\" data-id=\"1a74f76\" data-element_type=\"widget\" data-e-type=\"widget\" data-widget_type=\"text-editor.default\">\n\t\t\t\t<div class=\"elementor-widget-container\">\n\t\t\t\t\t\t\t\t\t<p><em><strong>L\u2019ESA s&rsquo;am\u00e9liore continuellement<\/strong><\/em> <br \/>L&rsquo;\u00e9laboration du dossier d\u2019auto\u00e9valuation a pour objectif de dresser le bilan des objectifs, du fonctionnement et des activit\u00e9s r\u00e9alis\u00e9es par la section, tout en amor\u00e7ant une r\u00e9flexion autour des points forts et des points faibles de la formation.<\/p>\t\t\t\t\t\t\t\t<\/div>\n\t\t\t\t<\/div>\n\t\t\t\t<div class=\"elementor-element elementor-element-39519eb elementor-icon-list--layout-traditional elementor-list-item-link-full_width elementor-widget elementor-widget-icon-list\" data-id=\"39519eb\" data-element_type=\"widget\" data-e-type=\"widget\" id=\"mes-onglets\" data-widget_type=\"icon-list.default\">\n\t\t\t\t<div class=\"elementor-widget-container\">\n\t\t\t\t\t\t\t<ul class=\"elementor-icon-list-items\">\n\t\t\t\t\t\t\t<li class=\"elementor-icon-list-item\">\n\t\t\t\t\t\t\t\t\t\t<span class=\"elementor-icon-list-text\"><\/span>\n\t\t\t\t\t\t\t\t\t<\/li>\n\t\t\t\t\t\t\t\t<li class=\"elementor-icon-list-item\">\n\t\t\t\t\t\t\t\t\t\t\t<span class=\"elementor-icon-list-icon\">\n\t\t\t\t\t\t\t<svg aria-hidden=\"true\" class=\"e-font-icon-svg e-fas-dot-circle\" viewBox=\"0 0 512 512\" xmlns=\"http:\/\/www.w3.org\/2000\/svg\"><path d=\"M256 8C119.033 8 8 119.033 8 256s111.033 248 248 248 248-111.033 248-248S392.967 8 256 8zm80 248c0 44.112-35.888 80-80 80s-80-35.888-80-80 35.888-80 80-80 80 35.888 80 80z\"><\/path><\/svg>\t\t\t\t\t\t<\/span>\n\t\t\t\t\t\t\t\t\t\t<span class=\"elementor-icon-list-text\">En cours ...<\/span>\n\t\t\t\t\t\t\t\t\t<\/li>\n\t\t\t\t\t\t<\/ul>\n\t\t\t\t\t\t<\/div>\n\t\t\t\t<\/div>\n\t\t\t\t\t<\/div>\n\t\t\t\t<\/div>\n\t\t\t\t\t<\/div>\n\t\t<\/div>\n\t\t\t\t\t\t<\/div>\n\t\t\t\t<\/div>\n\t\t\t\t\t<\/div>\n\t\t\t\t<\/div>\n\t\t<div class=\"elementor-element elementor-element-79d4a33 e-con-full e-flex e-con e-child\" data-id=\"79d4a33\" data-element_type=\"container\" data-e-type=\"container\" data-settings=\"{&quot;background_background&quot;:&quot;slideshow&quot;,&quot;background_slideshow_gallery&quot;:[],&quot;background_slideshow_loop&quot;:&quot;yes&quot;,&quot;background_slideshow_slide_duration&quot;:5000,&quot;background_slideshow_slide_transition&quot;:&quot;fade&quot;,&quot;background_slideshow_transition_duration&quot;:500}\">\n\t\t\t\t<div class=\"elementor-element elementor-element-ba80a93 iconbox--mobiletext-center iconbox-text-left elementor-widget elementor-widget-thim-icon-box\" data-id=\"ba80a93\" data-element_type=\"widget\" data-e-type=\"widget\" data-widget_type=\"thim-icon-box.default\">\n\t\t\t\t<div class=\"elementor-widget-container\">\n\t\t\t\t\t<div class=\"thim-widget-icon-box\"><div class=\"wrapper-box-icon text-left \"><div class=\"smicon-box iconbox-top\"><div class=\"boxes-icon\"><span class=\"inner-icon\"><span class=\"icon\"><i aria-hidden=\"true\" class=\"tk tk-phone-volume\"><\/i><\/span><\/span><\/div><div class=\"content-inner\"><div class=\"sc-heading\"><h3 class=\"heading__primary\">Contact<\/h3><\/div><div class=\"desc-icon-box\"><div class=\"desc-content\"><div class=\"contact-esa-simple\">\n    <div class=\"contact-box\">\n        <p class=\"contact-info\">\n            <strong>Lyndia Roveda<\/strong> \u2013 <span>Coordinatrice qualit\u00e9<\/span>\n        <\/p>\n        <p class=\"contact-links\">\n            <span>\ud83d\udce7<\/span> <a href=\"mailto:qualite@esa-namur.be\">qualite@esa-namur.be<\/a>\n        <\/p>\n    <\/div>\n<\/div><\/div><\/div><\/div><\/div><\/div><\/div>\t\t\t\t<\/div>\n\t\t\t\t<\/div>\n\t\t\t\t<\/div>\n\t\t\t\t<\/div>\n\t\t","protected":false},"excerpt":{"rendered":"<p>La d\u00e9marche qualit\u00e9 \u00e0 l&rsquo;ESA Namur Am\u00e9liorer en permanence les actions d&rsquo;enseignement et les aspects organisationnels de notre \u00e9tablissement. La d\u00e9marche qualit\u00e9 de l&rsquo;ESA \u00e9volue dans un contexte europ\u00e9en et est r\u00e9gent\u00e9e, en F\u00e9d\u00e9ration Wallonie-Bruxelles, par l\u2019AEQES. \u00c9valuation et am\u00e9lioration &hellip; <\/p>\n","protected":false},"author":1,"featured_media":0,"parent":0,"menu_order":0,"comment_status":"closed","ping_status":"closed","template":"","meta":{"rs_blank_template":"","rs_page_bg_color":"","slide_template_v7":"","footnotes":""},"class_list":["post-11976","page","type-page","status-publish","hentry"],"_links":{"self":[{"href":"https:\/\/esa-namur.be\/index.php\/wp-json\/wp\/v2\/pages\/11976","targetHints":{"allow":["GET"]}}],"collection":[{"href":"https:\/\/esa-namur.be\/index.php\/wp-json\/wp\/v2\/pages"}],"about":[{"href":"https:\/\/esa-namur.be\/index.php\/wp-json\/wp\/v2\/types\/page"}],"author":[{"embeddable":true,"href":"https:\/\/esa-namur.be\/index.php\/wp-json\/wp\/v2\/users\/1"}],"replies":[{"embeddable":true,"href":"https:\/\/esa-namur.be\/index.php\/wp-json\/wp\/v2\/comments?post=11976"}],"version-history":[{"count":113,"href":"https:\/\/esa-namur.be\/index.php\/wp-json\/wp\/v2\/pages\/11976\/revisions"}],"predecessor-version":[{"id":16838,"href":"https:\/\/esa-namur.be\/index.php\/wp-json\/wp\/v2\/pages\/11976\/revisions\/16838"}],"wp:attachment":[{"href":"https:\/\/esa-namur.be\/index.php\/wp-json\/wp\/v2\/media?parent=11976"}],"curies":[{"name":"wp","href":"https:\/\/api.w.org\/{rel}","templated":true}]}}