{"id":11988,"date":"2025-03-12T10:14:56","date_gmt":"2025-03-12T09:14:56","guid":{"rendered":"http:\/\/93.127.158.16\/?page_id=11988"},"modified":"2026-04-10T16:30:29","modified_gmt":"2026-04-10T14:30:29","slug":"documents-de-reference","status":"publish","type":"page","link":"https:\/\/esa-namur.be\/index.php\/documents-de-reference\/","title":{"rendered":"Documents de r\u00e9f\u00e9rence"},"content":{"rendered":"\t\t<div data-elementor-type=\"wp-page\" data-elementor-id=\"11988\" class=\"elementor elementor-11988\" data-elementor-post-type=\"page\">\n\t\t\t\t<div class=\"elementor-element elementor-element-7b829f8a e-con-full e-flex e-con e-parent\" data-id=\"7b829f8a\" data-element_type=\"container\" data-e-type=\"container\">\n\t\t\t\t<div class=\"elementor-element elementor-element-18ec1be6 thim-ekits-heading-text-center elementor-widget thim-ekits-heading elementor-widget-thim-heading\" data-id=\"18ec1be6\" data-element_type=\"widget\" data-e-type=\"widget\" data-widget_type=\"thim-heading.default\">\n\t\t\t\t<div class=\"elementor-widget-container\">\n\t\t\t\t\t<div class=\"sc_heading text-center\"><h2 class=\"title\">Vos documents de r\u00e9f\u00e9rence  <span class=\"thim-color\">\u00e0 l'ESA Namur<\/span><\/h2><div class=\"sub-heading\"><p>Etudiants ou futurs \u00e9tudiants, retrouvez les informations et documents de r\u00e9f\u00e9rence ci-dessous<\/p>\n<\/div><\/div>\t\t\t\t<\/div>\n\t\t\t\t<\/div>\n\t\t\t\t<\/div>\n\t\t<div class=\"elementor-element elementor-element-445031c e-flex e-con-boxed e-con e-parent\" data-id=\"445031c\" data-element_type=\"container\" data-e-type=\"container\">\n\t\t\t\t\t<div class=\"e-con-inner\">\n\t\t<div class=\"elementor-element elementor-element-3337196 e-con-full e-flex e-con e-child\" data-id=\"3337196\" data-element_type=\"container\" data-e-type=\"container\">\n\t\t\t\t<div class=\"elementor-element elementor-element-494a45a iconbox--mobiletext-center iconbox-text-left elementor-widget elementor-widget-thim-icon-box\" data-id=\"494a45a\" data-element_type=\"widget\" data-e-type=\"widget\" data-widget_type=\"thim-icon-box.default\">\n\t\t\t\t<div class=\"elementor-widget-container\">\n\t\t\t\t\t<div class=\"thim-widget-icon-box\"><div class=\"wrapper-box-icon text-left \"><div class=\"smicon-box iconbox-left\"><div class=\"boxes-icon\"><span class=\"inner-icon\"><span class=\"icon\"><i aria-hidden=\"true\" class=\"tk tk-newspaper\"><\/i><\/span><\/span><\/div><div class=\"content-inner\"><div class=\"sc-heading\"><h5 class=\"heading__primary\">R\u00e8glement d'ordre int\u00e9rieur<\/h5><\/div><div class=\"desc-icon-box\"><div class=\"desc-content\">Retrouvez ici le document officiel qui encadre la vie au sein de l\u2019ESA Namur : droits, devoirs, organisation des \u00e9tudes et r\u00e8gles de fonctionnement.<\/div><\/div><\/div><\/div><\/div><\/div>\t\t\t\t<\/div>\n\t\t\t\t<\/div>\n\t\t\t\t<\/div>\n\t\t<div class=\"elementor-element elementor-element-b17caf8 e-con-full e-flex e-con e-child\" data-id=\"b17caf8\" data-element_type=\"container\" data-e-type=\"container\">\n\t\t\t\t<div class=\"elementor-element elementor-element-d4130c9 iconbox--mobiletext-center iconbox-text-left elementor-widget elementor-widget-thim-icon-box\" data-id=\"d4130c9\" data-element_type=\"widget\" data-e-type=\"widget\" data-widget_type=\"thim-icon-box.default\">\n\t\t\t\t<div class=\"elementor-widget-container\">\n\t\t\t\t\t<div class=\"thim-widget-icon-box\"><div class=\"wrapper-box-icon text-left \"><div class=\"smicon-box iconbox-left\"><div class=\"boxes-icon\"><span class=\"inner-icon\"><span class=\"icon\"><i aria-hidden=\"true\" class=\"tk tk-newspaper\"><\/i><\/span><\/span><\/div><div class=\"content-inner\"><div class=\"sc-heading\"><h5 class=\"heading__primary\">Cong\u00e9 - \u00e9ducation<\/h5><\/div><div class=\"desc-icon-box\"><div class=\"desc-content\">Le\u00a0cong\u00e9-\u00e9ducation pay\u00e9\u00a0en Belgique est un dispositif qui permet aux travailleurs du secteur priv\u00e9 et aux contractuels des entreprises publiques autonomes de suivre des formations tout en maintenant leur r\u00e9mun\u00e9ration.\n<br><br>Ce syst\u00e8me vise \u00e0 encourager la formation continue et le d\u00e9veloppement des comp\u00e9tences des travailleurs.<\/div><\/div><\/div><\/div><\/div><\/div>\t\t\t\t<\/div>\n\t\t\t\t<\/div>\n\t\t\t\t<\/div>\n\t\t\t\t\t<\/div>\n\t\t\t\t<\/div>\n\t\t<div class=\"elementor-element elementor-element-f0bede8 e-flex e-con-boxed e-con e-parent\" data-id=\"f0bede8\" data-element_type=\"container\" data-e-type=\"container\">\n\t\t\t\t\t<div class=\"e-con-inner\">\n\t\t<div class=\"elementor-element elementor-element-a7eb35b e-con-full e-flex e-con e-child\" data-id=\"a7eb35b\" data-element_type=\"container\" data-e-type=\"container\">\n\t\t\t\t<div class=\"elementor-element elementor-element-5458fe0 iconbox--mobiletext-center iconbox-text-left elementor-widget elementor-widget-thim-icon-box\" data-id=\"5458fe0\" data-element_type=\"widget\" data-e-type=\"widget\" data-widget_type=\"thim-icon-box.default\">\n\t\t\t\t<div class=\"elementor-widget-container\">\n\t\t\t\t\t<div class=\"thim-widget-icon-box\"><div class=\"wrapper-box-icon text-left \"><div class=\"smicon-box iconbox-left\"><div class=\"boxes-icon\"><span class=\"inner-icon\"><span class=\"icon\"><i aria-hidden=\"true\" class=\"tk tk-newspaper\"><\/i><\/span><\/span><\/div><div class=\"content-inner\"><div class=\"sc-heading\"><h5 class=\"heading__primary\">Vademecum de l'\u00e9tudiant<\/h5><\/div><div class=\"desc-icon-box\"><div class=\"desc-content\">Le\u00a0Guide de l\u2019\u00e9tudiant\u00a0est une ressource incontournable qui offre toutes les informations pratiques et n\u00e9cessaires vous permettant d\u2019\u00e9voluer de la meilleure fa\u00e7on possible au sein de notre \u00c9tablissement (structure de l\u2019\u00e9tablissement, trouver les horaires, les pr\u00e9sences et absences, discipline et respect, les aides possibles, \u2026).\n\n<br><br>Ce guide est con\u00e7u pour accompagner les \u00e9tudiants tout au long de leur parcours acad\u00e9mique et les aider \u00e0 naviguer dans les diff\u00e9rentes \u00e9tapes de leur vie \u00e9tudiante.<\/div><a class=\"smicon-read sc-btn\" href=\"http:\/\/93.127.158.16\/wp-content\/uploads\/2026\/03\/Vademecum-de-letudiant-25-26.pdf\" target=\"_blank\" rel=\"nofollow\">T\u00e9l\u00e9charger le document <i class=\"edu-chevron-right\"><\/i><\/a><\/div><\/div><\/div><\/div><\/div>\t\t\t\t<\/div>\n\t\t\t\t<\/div>\n\t\t\t\t<\/div>\n\t\t<div class=\"elementor-element elementor-element-ab0730b e-con-full e-flex e-con e-child\" data-id=\"ab0730b\" data-element_type=\"container\" data-e-type=\"container\">\n\t\t\t\t<div class=\"elementor-element elementor-element-1fa4e7c iconbox--mobiletext-center iconbox-text-left elementor-widget elementor-widget-thim-icon-box\" data-id=\"1fa4e7c\" data-element_type=\"widget\" data-e-type=\"widget\" data-widget_type=\"thim-icon-box.default\">\n\t\t\t\t<div class=\"elementor-widget-container\">\n\t\t\t\t\t<div class=\"thim-widget-icon-box\"><div class=\"wrapper-box-icon text-left \"><div class=\"smicon-box iconbox-left\"><div class=\"boxes-icon\"><span class=\"inner-icon\"><span class=\"icon\"><i aria-hidden=\"true\" class=\"tk tk-newspaper\"><\/i><\/span><\/span><\/div><div class=\"content-inner\"><div class=\"sc-heading\"><h5 class=\"heading__primary\">Calendrier scolaire<\/h5><\/div><div class=\"desc-icon-box\"><div class=\"desc-content\">Le calendrier g\u00e9n\u00e9ral de fonctionnement des \u00e9tablissements d\u2019enseignement pour Adultes est pr\u00e9sent\u00e9 dans le tableau ci-dessous. <br><br>Vous trouverez des informations relatives aux p\u00e9riodes d\u2019organisation des activit\u00e9s d'enseignement, au r\u00e9gime des vacances et cong\u00e9s, les dates de la rentr\u00e9e et de la fin de l\u2019ann\u00e9e scolaire.\n<br>Le calendrier g\u00e9n\u00e9ral est compl\u00e9t\u00e9 au moyen des abr\u00e9viations suivantes : CO (Cong\u00e9s obligatoires), VH (Vacances d\u2019hiver), VA (Vacances d\u2019automne), VD (Vacances de d\u00e9tente), VP (Vacances de printemps), VE (Vacances d\u2019\u00e9t\u00e9)<\/div><a class=\"smicon-read sc-btn\" href=\"http:\/\/93.127.158.16\/wp-content\/uploads\/2026\/03\/Circulaire-9487-Calendrier-de-fonctionnement-EA-2025-2026_Annexe1_Calendrier_EA_2025-2026.xlsx\" target=\"_blank\" rel=\"nofollow\">T\u00e9l\u00e9charger le document <i class=\"edu-chevron-right\"><\/i><\/a><\/div><\/div><\/div><\/div><\/div>\t\t\t\t<\/div>\n\t\t\t\t<\/div>\n\t\t\t\t<\/div>\n\t\t\t\t\t<\/div>\n\t\t\t\t<\/div>\n\t\t<div class=\"elementor-element elementor-element-c3a0884 e-flex e-con-boxed e-con e-parent\" data-id=\"c3a0884\" data-element_type=\"container\" data-e-type=\"container\">\n\t\t\t\t\t<div class=\"e-con-inner\">\n\t\t\t\t<div class=\"elementor-element elementor-element-6dce87a elementor-widget elementor-widget-text-editor\" data-id=\"6dce87a\" data-element_type=\"widget\" data-e-type=\"widget\" data-widget_type=\"text-editor.default\">\n\t\t\t\t<div class=\"elementor-widget-container\">\n\t\t\t\t\t\t\t\t\t<p><style>\n    .liste-reglementaire li {<br \/>        margin-bottom: 15px; \/* Cr\u00e9e l'espace entre chaque point *\/<br \/>        line-height: 1.5;    \/* Rend le texte plus a\u00e9r\u00e9 et lisible *\/<br \/>    }<br \/>    .titre-section {<br \/>        margin-bottom: 20px;<br \/>        color: #00205B; \/* Ton bleu fonc\u00e9 ESA *\/<br \/>    }<br \/><\/style><\/p><h2 class=\"titre-section\">Textes r\u00e8glementaires<\/h2><ul class=\"liste-reglementaire\"><li><a href=\"https:\/\/gallilex.cfwb.be\/textes-normatifs\/41802\" target=\"_blank\" rel=\"noopener\"><strong>Arr\u00eat\u00e9 du Gouvernement de la Communaut\u00e9 fran\u00e7aise (RGE)<\/strong><\/a><br \/>02\/09\/2015 &#8211; Arr\u00eat\u00e9 du Gouvernement de la Communaut\u00e9 fran\u00e7aise portant le r\u00e8glement g\u00e9n\u00e9ral des \u00e9tudes de l&rsquo;enseignement sup\u00e9rieur de l&rsquo;enseignement pour adultes de type court et de type long<\/li><li><a href=\"https:\/\/gallilex.cfwb.be\/textes-normatifs\/16184\" target=\"_blank\" rel=\"noopener\"><strong>D\u00e9cret organisant l&rsquo;enseignement pour adultes<\/strong><\/a><br \/>16\/04\/1991 &#8211; D\u00e9cret organisant l&rsquo;enseignement pour adultes<\/li><li><a href=\"https:\/\/gallilex.cfwb.be\/textes-normatifs\/39681\" target=\"_blank\" rel=\"noopener\"><strong>D\u00e9cret paysage<\/strong><\/a><br \/>07\/11\/2013 &#8211; D\u00e9cret d\u00e9finissant le paysage de l&rsquo;enseignement sup\u00e9rieur et l&rsquo;organisation acad\u00e9mique des \u00e9tudes<\/li><\/ul>\t\t\t\t\t\t\t\t<\/div>\n\t\t\t\t<\/div>\n\t\t\t\t\t<\/div>\n\t\t\t\t<\/div>\n\t\t\t\t<\/div>\n\t\t","protected":false},"excerpt":{"rendered":"<p>Vos documents de r\u00e9f\u00e9rence \u00e0 l&rsquo;ESA Namur Etudiants ou futurs \u00e9tudiants, retrouvez les informations et documents de r\u00e9f\u00e9rence ci-dessous R\u00e8glement d&rsquo;ordre int\u00e9rieur Retrouvez ici le document officiel qui encadre la vie au sein de l\u2019ESA Namur : droits, devoirs, organisation &hellip; <\/p>\n","protected":false},"author":1,"featured_media":0,"parent":0,"menu_order":0,"comment_status":"closed","ping_status":"closed","template":"","meta":{"rs_blank_template":"","rs_page_bg_color":"","slide_template_v7":"","footnotes":""},"class_list":["post-11988","page","type-page","status-publish","hentry"],"_links":{"self":[{"href":"https:\/\/esa-namur.be\/index.php\/wp-json\/wp\/v2\/pages\/11988","targetHints":{"allow":["GET"]}}],"collection":[{"href":"https:\/\/esa-namur.be\/index.php\/wp-json\/wp\/v2\/pages"}],"about":[{"href":"https:\/\/esa-namur.be\/index.php\/wp-json\/wp\/v2\/types\/page"}],"author":[{"embeddable":true,"href":"https:\/\/esa-namur.be\/index.php\/wp-json\/wp\/v2\/users\/1"}],"replies":[{"embeddable":true,"href":"https:\/\/esa-namur.be\/index.php\/wp-json\/wp\/v2\/comments?post=11988"}],"version-history":[{"count":40,"href":"https:\/\/esa-namur.be\/index.php\/wp-json\/wp\/v2\/pages\/11988\/revisions"}],"predecessor-version":[{"id":16815,"href":"https:\/\/esa-namur.be\/index.php\/wp-json\/wp\/v2\/pages\/11988\/revisions\/16815"}],"wp:attachment":[{"href":"https:\/\/esa-namur.be\/index.php\/wp-json\/wp\/v2\/media?parent=11988"}],"curies":[{"name":"wp","href":"https:\/\/api.w.org\/{rel}","templated":true}]}}