{"id":12000,"date":"2025-03-12T10:17:26","date_gmt":"2025-03-12T09:17:26","guid":{"rendered":"http:\/\/93.127.158.16\/?page_id=12000"},"modified":"2026-04-08T15:48:10","modified_gmt":"2026-04-08T13:48:10","slug":"nous-rencontrer","status":"publish","type":"page","link":"https:\/\/esa-namur.be\/index.php\/nous-rencontrer\/","title":{"rendered":"Nous rencontrer"},"content":{"rendered":"\t\t<div data-elementor-type=\"wp-page\" data-elementor-id=\"12000\" class=\"elementor elementor-12000\" data-elementor-post-type=\"page\">\n\t\t\t\t<div class=\"elementor-element elementor-element-2a5cc8d1 e-con-full e-flex e-con e-parent\" data-id=\"2a5cc8d1\" data-element_type=\"container\" data-e-type=\"container\">\n\t\t\t\t<div class=\"elementor-element elementor-element-3dc264d3 thim-ekits-heading-text-center elementor-widget thim-ekits-heading elementor-widget-thim-heading\" data-id=\"3dc264d3\" data-element_type=\"widget\" data-e-type=\"widget\" data-widget_type=\"thim-heading.default\">\n\t\t\t\t<div class=\"elementor-widget-container\">\n\t\t\t\t\t<div class=\"sc_heading text-center\"><h2 class=\"title\">Nous Rencontrer  <span class=\"thim-color\">\u00e0 l'ESA Namur<\/span><\/h2><div class=\"sub-heading\"><p>Choisir une \u00e9cole d\u2019enseignement pour adultes demande de la r\u00e9flexion et des rencontres. Nous l\u2019avons bien compris \u00e0 l\u2019ESA et nous vous offrons diff\u00e9rentes possibilit\u00e9s de venir \u00e0 notre rencontre.<\/p>\n<\/div><\/div>\t\t\t\t<\/div>\n\t\t\t\t<\/div>\n\t\t\t\t<\/div>\n\t\t<div class=\"elementor-element elementor-element-5f798577 e-con-full e-flex e-con e-parent\" data-id=\"5f798577\" data-element_type=\"container\" data-e-type=\"container\" data-settings=\"{&quot;background_background&quot;:&quot;classic&quot;}\">\n\t\t<div class=\"elementor-element elementor-element-300cd4c4 e-con-full e-flex e-con e-child\" data-id=\"300cd4c4\" data-element_type=\"container\" data-e-type=\"container\">\n\t\t\t\t<div class=\"elementor-element elementor-element-66d64ec7 elementor-widget elementor-widget-heading\" data-id=\"66d64ec7\" data-element_type=\"widget\" data-e-type=\"widget\" data-widget_type=\"heading.default\">\n\t\t\t\t<div class=\"elementor-widget-container\">\n\t\t\t\t\t<h2 class=\"elementor-heading-title elementor-size-default\">Soir\u00e9e portes ouvertes<\/h2>\t\t\t\t<\/div>\n\t\t\t\t<\/div>\n\t\t\t\t<div class=\"elementor-element elementor-element-64a34210 elementor-widget elementor-widget-text-editor\" data-id=\"64a34210\" data-element_type=\"widget\" data-e-type=\"widget\" data-widget_type=\"text-editor.default\">\n\t\t\t\t<div class=\"elementor-widget-container\">\n\t\t\t\t\t\t\t\t\t<p><strong>\u00ab\u00a0J\u2019ai envie de d\u00e9couvrir le monde des cours du soir dans une ambiance conviviale pour explorer toutes les formations possibles.\u00a0\u00bb<\/strong><\/p><p>Une soir\u00e9e pour red\u00e9finir votre avenir. Notre soir\u00e9e portes ouvertes sp\u00e9ciale ESA cours du soir se tient chaque ann\u00e9e, un soir en semaine. C\u2019est un moment cl\u00e9 pour d\u00e9couvrir l\u2019\u00e9cole, les diff\u00e9rentes sections, ainsi que nos \u00e9tudiants et anciens \u00e9l\u00e8ves, tout en participant \u00e0 un moment convivial. Et pourquoi pas vous pr\u00e9-inscrire pour vous assurer une place dans le bachelier de votre choix !<\/p><p><strong>Notre prochaine soir\u00e9e portes ouvertes : vendredi 5 juin 2026<\/strong><\/p><p><!-- notionvc: a9be1f62-5561-4702-bdfd-c7f3012242bf --><\/p>\t\t\t\t\t\t\t\t<\/div>\n\t\t\t\t<\/div>\n\t\t\t\t<div class=\"elementor-element elementor-element-409fdf91 elementor-mobile-align-center elementor-align-center elementor-widget elementor-widget-button\" data-id=\"409fdf91\" data-element_type=\"widget\" data-e-type=\"widget\" data-widget_type=\"button.default\">\n\t\t\t\t<div class=\"elementor-widget-container\">\n\t\t\t\t\t\t\t\t\t<div class=\"elementor-button-wrapper\">\n\t\t\t\t\t<a class=\"elementor-button elementor-button-link elementor-size-sm\" href=\"http:\/\/93.127.158.16\/index.php\/events\/soiree-portes-ouvertes\/\">\n\t\t\t\t\t\t<span class=\"elementor-button-content-wrapper\">\n\t\t\t\t\t\t\t\t\t<span class=\"elementor-button-text\">D\u00e9couvrir<\/span>\n\t\t\t\t\t<\/span>\n\t\t\t\t\t<\/a>\n\t\t\t\t<\/div>\n\t\t\t\t\t\t\t\t<\/div>\n\t\t\t\t<\/div>\n\t\t\t\t<\/div>\n\t\t<div class=\"elementor-element elementor-element-5ec4a6e5 e-con-full e-flex e-con e-child\" data-id=\"5ec4a6e5\" data-element_type=\"container\" data-e-type=\"container\">\n\t\t\t\t<div class=\"elementor-element elementor-element-415f5a83 elementor-widget elementor-widget-image\" data-id=\"415f5a83\" data-element_type=\"widget\" data-e-type=\"widget\" data-widget_type=\"image.default\">\n\t\t\t\t<div class=\"elementor-widget-container\">\n\t\t\t\t\t\t\t\t\t\t\t\t\t\t\t<img fetchpriority=\"high\" decoding=\"async\" width=\"640\" height=\"378\" src=\"https:\/\/esa-namur.be\/wp-content\/uploads\/2026\/04\/20260331_174254-scaled-e1775655475667-1024x605.jpg\" class=\"attachment-large size-large wp-image-16712\" alt=\"\" srcset=\"https:\/\/esa-namur.be\/wp-content\/uploads\/2026\/04\/20260331_174254-scaled-e1775655475667-1024x605.jpg 1024w, https:\/\/esa-namur.be\/wp-content\/uploads\/2026\/04\/20260331_174254-scaled-e1775655475667-300x177.jpg 300w, https:\/\/esa-namur.be\/wp-content\/uploads\/2026\/04\/20260331_174254-scaled-e1775655475667-768x454.jpg 768w, https:\/\/esa-namur.be\/wp-content\/uploads\/2026\/04\/20260331_174254-scaled-e1775655475667-1536x908.jpg 1536w, https:\/\/esa-namur.be\/wp-content\/uploads\/2026\/04\/20260331_174254-scaled-e1775655475667-600x355.jpg 600w, https:\/\/esa-namur.be\/wp-content\/uploads\/2026\/04\/20260331_174254-scaled-e1775655475667.jpg 1920w\" sizes=\"(max-width: 640px) 100vw, 640px\" \/>\t\t\t\t\t\t\t\t\t\t\t\t\t\t\t<\/div>\n\t\t\t\t<\/div>\n\t\t\t\t<\/div>\n\t\t\t\t<\/div>\n\t\t<div class=\"elementor-element elementor-element-a92692e e-con-full e-flex e-con e-parent\" data-id=\"a92692e\" data-element_type=\"container\" data-e-type=\"container\" data-settings=\"{&quot;background_background&quot;:&quot;classic&quot;}\">\n\t\t<div class=\"elementor-element elementor-element-8b20c9d e-con-full e-flex e-con e-child\" data-id=\"8b20c9d\" data-element_type=\"container\" data-e-type=\"container\">\n\t\t\t\t<div class=\"elementor-element elementor-element-59cef8a elementor-widget elementor-widget-heading\" data-id=\"59cef8a\" data-element_type=\"widget\" data-e-type=\"widget\" data-widget_type=\"heading.default\">\n\t\t\t\t<div class=\"elementor-widget-container\">\n\t\t\t\t\t<h2 class=\"elementor-heading-title elementor-size-default\">Soir\u00e9e d\u2019information<\/h2>\t\t\t\t<\/div>\n\t\t\t\t<\/div>\n\t\t\t\t<div class=\"elementor-element elementor-element-e57c2d5 elementor-widget elementor-widget-text-editor\" data-id=\"e57c2d5\" data-element_type=\"widget\" data-e-type=\"widget\" data-widget_type=\"text-editor.default\">\n\t\t\t\t<div class=\"elementor-widget-container\">\n\t\t\t\t\t\t\t\t\t<p><strong>\u00ab\u00a0Je souhaite obtenir toutes les informations importantes sur le bachelier de mon choix et les cours du soir.\u00a0\u00bb<\/strong><\/p><p>Chaque ann\u00e9e, l\u2019ESA organise des s\u00e9ances d&rsquo;information sp\u00e9cifiques pour chaque domaine de formation. Venez rencontrer nos coordinateurs, poser vos questions, et \u00e9changer avec d\u2019autres \u00e9tudiants int\u00e9ress\u00e9s.<\/p><p><strong>Nos prochaines soir\u00e9es d\u2019information :<\/strong><\/p><p><!-- notionvc: f9c5ba5c-b79a-46cd-9ee7-4e029471bbd4 --><\/p><p><!-- notionvc: a9be1f62-5561-4702-bdfd-c7f3012242bf --><\/p>\t\t\t\t\t\t\t\t<\/div>\n\t\t\t\t<\/div>\n\t\t\t\t<div class=\"elementor-element elementor-element-c6ed625 elementor-mobile-align-center elementor-align-center elementor-widget elementor-widget-button\" data-id=\"c6ed625\" data-element_type=\"widget\" data-e-type=\"widget\" data-widget_type=\"button.default\">\n\t\t\t\t<div class=\"elementor-widget-container\">\n\t\t\t\t\t\t\t\t\t<div class=\"elementor-button-wrapper\">\n\t\t\t\t\t<a class=\"elementor-button elementor-button-link elementor-size-sm\" href=\"http:\/\/93.127.158.16\/index.php\/en-cours-de-construction\/\">\n\t\t\t\t\t\t<span class=\"elementor-button-content-wrapper\">\n\t\t\t\t\t\t\t\t\t<span class=\"elementor-button-text\">D\u00e9couvrir<\/span>\n\t\t\t\t\t<\/span>\n\t\t\t\t\t<\/a>\n\t\t\t\t<\/div>\n\t\t\t\t\t\t\t\t<\/div>\n\t\t\t\t<\/div>\n\t\t\t\t<\/div>\n\t\t<div class=\"elementor-element elementor-element-a13b2be e-con-full e-flex e-con e-child\" data-id=\"a13b2be\" data-element_type=\"container\" data-e-type=\"container\">\n\t\t\t\t<div class=\"elementor-element elementor-element-033d74d elementor-widget elementor-widget-image\" data-id=\"033d74d\" data-element_type=\"widget\" data-e-type=\"widget\" data-widget_type=\"image.default\">\n\t\t\t\t<div class=\"elementor-widget-container\">\n\t\t\t\t\t\t\t\t\t\t\t\t\t\t\t<img decoding=\"async\" width=\"500\" height=\"300\" data-src=\"https:\/\/esa-namur.be\/wp-content\/uploads\/2026\/03\/20260331_155034-scaled-e1774966909690-500x300.jpg\" class=\"attachment-course_thumbnail size-course_thumbnail wp-image-16334 lazyload\" alt=\"\" src=\"data:image\/svg+xml;base64,PHN2ZyB3aWR0aD0iMSIgaGVpZ2h0PSIxIiB4bWxucz0iaHR0cDovL3d3dy53My5vcmcvMjAwMC9zdmciPjwvc3ZnPg==\" style=\"--smush-placeholder-width: 500px; --smush-placeholder-aspect-ratio: 500\/300;\" \/>\t\t\t\t\t\t\t\t\t\t\t\t\t\t\t<\/div>\n\t\t\t\t<\/div>\n\t\t\t\t<\/div>\n\t\t\t\t<\/div>\n\t\t<div class=\"elementor-element elementor-element-1be837b e-con-full e-flex e-con e-parent\" data-id=\"1be837b\" data-element_type=\"container\" data-e-type=\"container\" data-settings=\"{&quot;background_background&quot;:&quot;classic&quot;}\">\n\t\t<div class=\"elementor-element elementor-element-65878a6 e-con-full e-flex e-con e-child\" data-id=\"65878a6\" data-element_type=\"container\" data-e-type=\"container\">\n\t\t\t\t<div class=\"elementor-element elementor-element-28ecb33 elementor-widget elementor-widget-heading\" data-id=\"28ecb33\" data-element_type=\"widget\" data-e-type=\"widget\" data-widget_type=\"heading.default\">\n\t\t\t\t<div class=\"elementor-widget-container\">\n\t\t\t\t\t<h2 class=\"elementor-heading-title elementor-size-default\">RDV personnalis\u00e9<\/h2>\t\t\t\t<\/div>\n\t\t\t\t<\/div>\n\t\t\t\t<div class=\"elementor-element elementor-element-7f39505 elementor-widget elementor-widget-text-editor\" data-id=\"7f39505\" data-element_type=\"widget\" data-e-type=\"widget\" data-widget_type=\"text-editor.default\">\n\t\t\t\t<div class=\"elementor-widget-container\">\n\t\t\t\t\t\t\t\t\t<p><strong>\u00ab\u00a0J\u2019ai besoin d\u2019aide dans mon orientation et pour les d\u00e9marches possibles.\u00a0\u00bb<\/strong><\/p><p>Notre secr\u00e9tariat vous propose, uniquement sur rendez-vous, un moment personnalis\u00e9 pour analyser ensemble vos besoins et prendre les meilleures d\u00e9cisions.<\/p><p>Prenez contact avec nous au plus vite et commen\u00e7ons \u00e0 travailler sur votre avenir !<\/p><p><!-- notionvc: 8cfc946f-1799-4b05-94ea-010c1f7fb000 --><\/p>\t\t\t\t\t\t\t\t<\/div>\n\t\t\t\t<\/div>\n\t\t\t\t<div class=\"elementor-element elementor-element-48466eb elementor-mobile-align-center elementor-align-center elementor-widget elementor-widget-button\" data-id=\"48466eb\" data-element_type=\"widget\" data-e-type=\"widget\" data-widget_type=\"button.default\">\n\t\t\t\t<div class=\"elementor-widget-container\">\n\t\t\t\t\t\t\t\t\t<div class=\"elementor-button-wrapper\">\n\t\t\t\t\t<a class=\"elementor-button elementor-button-link elementor-size-sm\" href=\"http:\/\/93.127.158.16\/index.php\/contact\/\">\n\t\t\t\t\t\t<span class=\"elementor-button-content-wrapper\">\n\t\t\t\t\t\t\t\t\t<span class=\"elementor-button-text\">Nous contacter<\/span>\n\t\t\t\t\t<\/span>\n\t\t\t\t\t<\/a>\n\t\t\t\t<\/div>\n\t\t\t\t\t\t\t\t<\/div>\n\t\t\t\t<\/div>\n\t\t\t\t<\/div>\n\t\t<div class=\"elementor-element elementor-element-97eed71 e-con-full e-flex e-con e-child\" data-id=\"97eed71\" data-element_type=\"container\" data-e-type=\"container\">\n\t\t\t\t<div class=\"elementor-element elementor-element-292f0c0 elementor-widget elementor-widget-image\" data-id=\"292f0c0\" data-element_type=\"widget\" data-e-type=\"widget\" data-widget_type=\"image.default\">\n\t\t\t\t<div class=\"elementor-widget-container\">\n\t\t\t\t\t\t\t\t\t\t\t\t\t\t\t<img decoding=\"async\" data-src=\"http:\/\/93.127.158.16\/wp-content\/uploads\/2025\/03\/Image-Contact-1.jpg\" title=\"\" alt=\"\" src=\"data:image\/svg+xml;base64,PHN2ZyB3aWR0aD0iMSIgaGVpZ2h0PSIxIiB4bWxucz0iaHR0cDovL3d3dy53My5vcmcvMjAwMC9zdmciPjwvc3ZnPg==\" class=\"lazyload\" \/>\t\t\t\t\t\t\t\t\t\t\t\t\t\t\t<\/div>\n\t\t\t\t<\/div>\n\t\t\t\t<\/div>\n\t\t\t\t<\/div>\n\t\t<div class=\"elementor-element elementor-element-fdc161c e-con-full e-flex e-con e-parent\" data-id=\"fdc161c\" data-element_type=\"container\" data-e-type=\"container\" data-settings=\"{&quot;background_background&quot;:&quot;classic&quot;}\">\n\t\t<div class=\"elementor-element elementor-element-ef1e9fd e-con-full e-flex e-con e-child\" data-id=\"ef1e9fd\" data-element_type=\"container\" data-e-type=\"container\">\n\t\t\t\t<div class=\"elementor-element elementor-element-0ab2e6f elementor-widget elementor-widget-heading\" data-id=\"0ab2e6f\" data-element_type=\"widget\" data-e-type=\"widget\" data-widget_type=\"heading.default\">\n\t\t\t\t<div class=\"elementor-widget-container\">\n\t\t\t\t\t<h2 class=\"elementor-heading-title elementor-size-default\">Visite de l\u2019\u00e9cole<\/h2>\t\t\t\t<\/div>\n\t\t\t\t<\/div>\n\t\t\t\t<div class=\"elementor-element elementor-element-0c808a9 elementor-widget elementor-widget-text-editor\" data-id=\"0c808a9\" data-element_type=\"widget\" data-e-type=\"widget\" data-widget_type=\"text-editor.default\">\n\t\t\t\t<div class=\"elementor-widget-container\">\n\t\t\t\t\t\t\t\t\t<p><strong>\u00ab\u00a0J\u2019ai envie de d\u00e9couvrir l\u2019environnement de l\u2019ESA.\u00a0\u00bb<\/strong><\/p><p>Uniquement sur rendez-vous, et de mars \u00e0 juin, nous vous offrons la possibilit\u00e9 de participer \u00e0 une visite de notre \u00e9tablissement pour d\u00e9couvrir nos installations.<\/p><p>Vous pouvez compl\u00e9ter cette visite par un rendez-vous personnalis\u00e9 pour analyser votre situation et prendre les meilleures dispositions.<\/p><p><!-- notionvc: 72a0f611-231e-4f72-babb-6bc85ac6dac2 --><\/p><p><!-- notionvc: 8cfc946f-1799-4b05-94ea-010c1f7fb000 --><\/p>\t\t\t\t\t\t\t\t<\/div>\n\t\t\t\t<\/div>\n\t\t\t\t<div class=\"elementor-element elementor-element-d9ea484 elementor-mobile-align-center elementor-align-center elementor-widget elementor-widget-button\" data-id=\"d9ea484\" data-element_type=\"widget\" data-e-type=\"widget\" data-widget_type=\"button.default\">\n\t\t\t\t<div class=\"elementor-widget-container\">\n\t\t\t\t\t\t\t\t\t<div class=\"elementor-button-wrapper\">\n\t\t\t\t\t<a class=\"elementor-button elementor-button-link elementor-size-sm\" href=\"http:\/\/93.127.158.16\/index.php\/contact\/\">\n\t\t\t\t\t\t<span class=\"elementor-button-content-wrapper\">\n\t\t\t\t\t\t\t\t\t<span class=\"elementor-button-text\">Nous contacter<\/span>\n\t\t\t\t\t<\/span>\n\t\t\t\t\t<\/a>\n\t\t\t\t<\/div>\n\t\t\t\t\t\t\t\t<\/div>\n\t\t\t\t<\/div>\n\t\t\t\t<\/div>\n\t\t<div class=\"elementor-element elementor-element-22dd667 e-con-full e-flex e-con e-child\" data-id=\"22dd667\" data-element_type=\"container\" data-e-type=\"container\">\n\t\t\t\t<div class=\"elementor-element elementor-element-f066b11 elementor-widget elementor-widget-image\" data-id=\"f066b11\" data-element_type=\"widget\" data-e-type=\"widget\" data-widget_type=\"image.default\">\n\t\t\t\t<div class=\"elementor-widget-container\">\n\t\t\t\t\t\t\t\t\t\t\t\t\t\t\t<img decoding=\"async\" width=\"640\" height=\"400\" data-src=\"https:\/\/esa-namur.be\/wp-content\/uploads\/2026\/04\/P1030041-scaled-e1775655881299-1024x640.jpg\" class=\"attachment-large size-large wp-image-16714 lazyload\" alt=\"\" data-srcset=\"https:\/\/esa-namur.be\/wp-content\/uploads\/2026\/04\/P1030041-scaled-e1775655881299-1024x640.jpg 1024w, https:\/\/esa-namur.be\/wp-content\/uploads\/2026\/04\/P1030041-scaled-e1775655881299-300x188.jpg 300w, https:\/\/esa-namur.be\/wp-content\/uploads\/2026\/04\/P1030041-scaled-e1775655881299-768x480.jpg 768w, https:\/\/esa-namur.be\/wp-content\/uploads\/2026\/04\/P1030041-scaled-e1775655881299-1536x960.jpg 1536w, https:\/\/esa-namur.be\/wp-content\/uploads\/2026\/04\/P1030041-scaled-e1775655881299-600x375.jpg 600w, https:\/\/esa-namur.be\/wp-content\/uploads\/2026\/04\/P1030041-scaled-e1775655881299.jpg 1707w\" data-sizes=\"(max-width: 640px) 100vw, 640px\" src=\"data:image\/svg+xml;base64,PHN2ZyB3aWR0aD0iMSIgaGVpZ2h0PSIxIiB4bWxucz0iaHR0cDovL3d3dy53My5vcmcvMjAwMC9zdmciPjwvc3ZnPg==\" style=\"--smush-placeholder-width: 640px; --smush-placeholder-aspect-ratio: 640\/400;\" \/>\t\t\t\t\t\t\t\t\t\t\t\t\t\t\t<\/div>\n\t\t\t\t<\/div>\n\t\t\t\t<\/div>\n\t\t\t\t<\/div>\n\t\t\t\t<\/div>\n\t\t","protected":false},"excerpt":{"rendered":"<p>Nous Rencontrer \u00e0 l&rsquo;ESA Namur Choisir une \u00e9cole d\u2019enseignement pour adultes demande de la r\u00e9flexion et des rencontres. Nous l\u2019avons bien compris \u00e0 l\u2019ESA et nous vous offrons diff\u00e9rentes possibilit\u00e9s de venir \u00e0 notre rencontre. Soir\u00e9e portes ouvertes \u00ab\u00a0J\u2019ai envie &hellip; <\/p>\n","protected":false},"author":1,"featured_media":0,"parent":0,"menu_order":0,"comment_status":"closed","ping_status":"closed","template":"","meta":{"rs_blank_template":"","rs_page_bg_color":"","slide_template_v7":"","footnotes":""},"class_list":["post-12000","page","type-page","status-publish","hentry"],"_links":{"self":[{"href":"https:\/\/esa-namur.be\/index.php\/wp-json\/wp\/v2\/pages\/12000","targetHints":{"allow":["GET"]}}],"collection":[{"href":"https:\/\/esa-namur.be\/index.php\/wp-json\/wp\/v2\/pages"}],"about":[{"href":"https:\/\/esa-namur.be\/index.php\/wp-json\/wp\/v2\/types\/page"}],"author":[{"embeddable":true,"href":"https:\/\/esa-namur.be\/index.php\/wp-json\/wp\/v2\/users\/1"}],"replies":[{"embeddable":true,"href":"https:\/\/esa-namur.be\/index.php\/wp-json\/wp\/v2\/comments?post=12000"}],"version-history":[{"count":28,"href":"https:\/\/esa-namur.be\/index.php\/wp-json\/wp\/v2\/pages\/12000\/revisions"}],"predecessor-version":[{"id":16717,"href":"https:\/\/esa-namur.be\/index.php\/wp-json\/wp\/v2\/pages\/12000\/revisions\/16717"}],"wp:attachment":[{"href":"https:\/\/esa-namur.be\/index.php\/wp-json\/wp\/v2\/media?parent=12000"}],"curies":[{"name":"wp","href":"https:\/\/api.w.org\/{rel}","templated":true}]}}